{"id":2476,"date":"2025-10-24T14:49:06","date_gmt":"2025-10-24T14:49:06","guid":{"rendered":"https:\/\/preludeintime.com\/?page_id=2476"},"modified":"2026-02-02T13:28:17","modified_gmt":"2026-02-02T13:28:17","slug":"contacto","status":"publish","type":"page","link":"https:\/\/preludeintime.com\/?page_id=2476","title":{"rendered":"Contacto"},"content":{"rendered":"<h1>\n<h2 class=\"uk-text-center\" data-id=\"page#2-1-0-0\" style=\"text-align: center;\"><strong>&#8220;Un caf\u00e9, tu historia y el inicio de una prenda para siempre&#8221;.<\/strong><\/p>\n<p>Te esperamos en nuestro showroom para conocerte, mostrarte nuestras creaciones y dise\u00f1ar juntas el ajuar de tus sue\u00f1os.<\/h2>\n<\/h1>\n<p><p>\n        <a href=\"https:\/\/api.whatsapp.com\/send\/?phone=573142355242\">Agendar cita<\/a>\n    <\/p>\n<\/p>\n<div>\n<div>\n<p><script src=\"https:\/\/js.hsforms.net\/forms\/embed\/50544049.js\" defer><\/script><\/p>\n<div class=\"hs-form-frame\" data-region=\"na1\" data-form-id=\"b8124a39-db9c-45b2-8496-4dde0a1cbcea\" data-portal-id=\"50544049\"><\/div>\n<\/div>\n<\/div>\n<h1>\n<h2 class=\"uk-text-center\" data-id=\"page#2-1-0-0\" style=\"text-align: center;\"><strong>&#8220;Un caf\u00e9, tu historia y el inicio de una prenda para siempre&#8221;.<\/strong><\/p>\n<p>Te esperamos en nuestro showroom para conocerte, mostrarte nuestras creaciones y dise\u00f1ar juntas el ajuar de tus sue\u00f1os.<\/h2>\n<\/h1>\n<p><p>\n        <a href=\"https:\/\/api.whatsapp.com\/send\/?phone=573142355242\">Agendar cita<\/a>\n    <\/p>\n<\/p>\n<div>\n<div>\n<p><script src=\"https:\/\/js.hsforms.net\/forms\/embed\/50544049.js\" defer><\/script><\/p>\n<div class=\"hs-form-frame\" data-region=\"na1\" data-form-id=\"b8124a39-db9c-45b2-8496-4dde0a1cbcea\" data-portal-id=\"50544049\"><\/div>\n<\/div>\n<\/div>\n<div>\n<p>4.6457746,-74.0662417<\/p>\n<\/div>\n<div>\n<h1><span dir=\"auto\" style=\"vertical-align: inherit;\">\ud83d\udcf1WhatsApp<\/span><\/h1>\n<h3 style=\"text-align: center;\">+573142355242<\/h3>\n<h1 style=\"text-align: center;\">\ud83d\udccdU<span dir=\"auto\" style=\"vertical-align: inherit;\"><span dir=\"auto\" style=\"vertical-align: inherit;\"><span dir=\"auto\" style=\"vertical-align: inherit;\"><span dir=\"auto\" style=\"vertical-align: inherit;\"><span dir=\"auto\" style=\"vertical-align: inherit;\"><span dir=\"auto\" style=\"vertical-align: inherit;\"><span dir=\"auto\" style=\"vertical-align: inherit;\"><span dir=\"auto\" style=\"vertical-align: inherit;\"><span dir=\"auto\" style=\"vertical-align: inherit;\"><span dir=\"auto\" style=\"vertical-align: inherit;\">bicaci\u00f3n<\/span><\/span><\/span><\/span><\/span><\/span><\/span><\/span><\/span><\/span><\/h1>\n<h3 style=\"text-align: center;\"><span dir=\"auto\" style=\"vertical-align: inherit;\"><span dir=\"auto\" style=\"vertical-align: inherit;\"><span><span dir=\"auto\" style=\"vertical-align: inherit;\"><span dir=\"auto\" style=\"vertical-align: inherit;\"><span dir=\"auto\" style=\"vertical-align: inherit;\"><span dir=\"auto\" style=\"vertical-align: inherit;\"><span dir=\"auto\" style=\"vertical-align: inherit;\"><span dir=\"auto\" style=\"vertical-align: inherit;\"><span dir=\"auto\" style=\"vertical-align: inherit;\"><span dir=\"auto\" style=\"vertical-align: inherit;\">\u00a0Carrera 14A N\u00ba 103 &#8211; 14 <\/span><\/span><\/span><\/span><\/span><\/span><\/span><\/span><\/span><span><span dir=\"auto\" style=\"vertical-align: inherit;\"><span dir=\"auto\" style=\"vertical-align: inherit;\"><span dir=\"auto\" style=\"vertical-align: inherit;\"><span dir=\"auto\" style=\"vertical-align: inherit;\"><span dir=\"auto\" style=\"vertical-align: inherit;\"><span dir=\"auto\" style=\"vertical-align: inherit;\"><span dir=\"auto\" style=\"vertical-align: inherit;\"><span dir=\"auto\" style=\"vertical-align: inherit;\">\u00a0<\/span><\/span><\/span><\/span><\/span><\/span><\/span><\/span><\/span><em><span dir=\"auto\" style=\"vertical-align: inherit;\"><span dir=\"auto\" style=\"vertical-align: inherit;\"><span dir=\"auto\" style=\"vertical-align: inherit;\"><span dir=\"auto\" style=\"vertical-align: inherit;\"><span dir=\"auto\" style=\"vertical-align: inherit;\"><span dir=\"auto\" style=\"vertical-align: inherit;\"><span dir=\"auto\" style=\"vertical-align: inherit;\"><span dir=\"auto\" style=\"vertical-align: inherit;\">Bogot\u00e1 <\/span><\/span><\/span><\/span><\/span><\/span><\/span><\/span><\/em><span><span dir=\"auto\" style=\"vertical-align: inherit;\"><span dir=\"auto\" style=\"vertical-align: inherit;\"><span dir=\"auto\" style=\"vertical-align: inherit;\"><span dir=\"auto\" style=\"vertical-align: inherit;\"><span dir=\"auto\" style=\"vertical-align: inherit;\"><span dir=\"auto\" style=\"vertical-align: inherit;\"><span dir=\"auto\" style=\"vertical-align: inherit;\"><span dir=\"auto\" style=\"vertical-align: inherit;\">\u00a0DC.<\/span><\/span><\/span><\/span><\/span><\/span><\/span><\/span><\/span><\/span><\/span><\/h3>\n<h1 style=\"text-align: center;\"><\/h1>\n<p style=\"text-align: center;\">\n<\/div>\n<p><!--more--><br \/>\n<!-- {\"type\":\"layout\",\"children\":[{\"type\":\"section\",\"props\":{\"class\":\"uk-visible@s, uk-visible@m\",\"header_transparent\":false,\"header_transparent_noplaceholder\":true,\"header_transparent_text_color\":\"light\",\"id\":\"F2\",\"image\":\"wp-content\/uploads\/2025\/12\/Contacto-Banner1500-x-1000-px-4.png\",\"image_position\":\"center-center\",\"image_size\":\"cover\",\"media_overlay\":\"rgba(0, 0, 0, 0.48)\",\"padding_bottom\":\"none\",\"padding_remove_horizontal\":true,\"padding_top\":\"small\",\"style\":\"default\",\"title_breakpoint\":\"xl\",\"title_position\":\"top-left\",\"title_rotation\":\"left\",\"vertical_align\":\"\",\"width\":\"small\"},\"children\":[{\"type\":\"row\",\"children\":[{\"type\":\"column\",\"props\":{\"image_position\":\"center-center\",\"position_sticky_breakpoint\":\"m\",\"text_color\":\"light\",\"width_medium\":\"1-2\"},\"children\":[{\"type\":\"headline\",\"props\":{\"content\":\"\n\n<h2 class=\\\"uk-text-center\\\" data-id=\\\"page#2-1-0-0\\\" style=\\\"text-align: center;\\\"><strong>\\\"Un caf\u00e9, tu historia y el inicio de una prenda para siempre\\\".<\/strong>\n\nTe esperamos en nuestro showroom para conocerte, mostrarte nuestras creaciones y dise\u00f1ar juntas el ajuar de tus sue\u00f1os.<\/h2>\n\n\",\"image_align\":\"left\",\"image_margin\":\"xsmall\",\"margin_bottom\":\"large\",\"margin_top\":\"large\",\"title_element\":\"h1\"}},{\"type\":\"button\",\"props\":{\"grid_column_gap\":\"small\",\"grid_row_gap\":\"large\",\"margin_bottom\":\"large\",\"margin_top\":\"large\",\"text_align\":\"center\"},\"children\":[{\"type\":\"button_item\",\"props\":{\"button_style\":\"primary\",\"content\":\"Agendar cita\",\"dialog_layout\":\"modal\",\"dialog_offcanvas_flip\":true,\"icon\":\"whatsapp\",\"icon_align\":\"left\",\"link\":\"https:\/\/api.whatsapp.com\/send\/?phone=573142355242\"}}]}]},{\"type\":\"column\",\"props\":{\"image_position\":\"center-center\",\"position_sticky_breakpoint\":\"m\",\"width_medium\":\"1-2\"},\"children\":[{\"type\":\"panel\",\"props\":{\"content\":\"\n\n<p><script src=\\\"https:\/\/js.hsforms.net\/forms\/embed\/50544049.js\\\" defer><\/script><\/p>\n\n\\n\n\n<div class=\\\"hs-form-frame\\\" data-region=\\\"na1\\\" data-form-id=\\\"b8124a39-db9c-45b2-8496-4dde0a1cbcea\\\" data-portal-id=\\\"50544049\\\"><\/div>\n\n\",\"content_column_breakpoint\":\"m\",\"content_margin\":\"small\",\"id\":\"F2\",\"image_align\":\"top\",\"image_grid_breakpoint\":\"m\",\"image_grid_width\":\"1-2\",\"image_svg_color\":\"emphasis\",\"link_style\":\"default\",\"link_text\":\"Read more\",\"margin_bottom\":\"remove\",\"margin_top\":\"small\",\"meta_align\":\"below-title\",\"meta_element\":\"div\",\"meta_style\":\"text-meta\",\"panel_style\":\"card-default\",\"title_align\":\"top\",\"title_element\":\"h3\",\"title_grid_breakpoint\":\"m\",\"title_grid_width\":\"1-2\",\"title_hover_style\":\"reset\"}}]}],\"props\":{\"column_gap\":\"large\",\"css\":\".el-row > * {\\n    position: relative;\\n    z-index: 1;\\n}\",\"id\":\"F2\",\"layout\":\"1-2,1-2\",\"margin_bottom\":\"large\",\"margin_top\":\"large\",\"width\":\"small\"}},{\"type\":\"row\",\"children\":[{\"type\":\"column\",\"props\":{\"image_position\":\"center-center\",\"position_sticky_breakpoint\":\"m\"}}]}],\"name\":\"Banner\"},{\"type\":\"section\",\"props\":{\"class\":\"uk-hidden@s, uk-hidden@m\",\"header_transparent\":false,\"header_transparent_noplaceholder\":true,\"header_transparent_text_color\":\"light\",\"id\":\"B1\",\"image\":\"wp-content\/uploads\/2025\/12\/MOVIL-CONTACT-1.png\",\"image_position\":\"center-center\",\"image_size\":\"cover\",\"media_overlay\":\"rgba(0, 0, 0, 0.48)\",\"padding_bottom\":\"none\",\"padding_remove_horizontal\":false,\"padding_top\":\"small\",\"style\":\"default\",\"title_breakpoint\":\"xl\",\"title_position\":\"top-left\",\"title_rotation\":\"left\",\"vertical_align\":\"\",\"width\":\"small\"},\"children\":[{\"type\":\"row\",\"children\":[{\"type\":\"column\",\"props\":{\"image_position\":\"center-center\",\"position_sticky_breakpoint\":\"m\",\"text_color\":\"light\"},\"children\":[{\"type\":\"headline\",\"props\":{\"content\":\"\n\n<h2 class=\\\"uk-text-center\\\" data-id=\\\"page#2-1-0-0\\\" style=\\\"text-align: center;\\\"><strong>\\\"Un caf\u00e9, tu historia y el inicio de una prenda para siempre\\\".<\/strong>\n\nTe esperamos en nuestro showroom para conocerte, mostrarte nuestras creaciones y dise\u00f1ar juntas el ajuar de tus sue\u00f1os.<\/h2>\n\n\",\"image_align\":\"left\",\"image_margin\":\"xsmall\",\"margin_bottom\":\"large\",\"margin_top\":\"large\",\"text_align\":\"center\",\"title_element\":\"h1\"}},{\"type\":\"button\",\"props\":{\"grid_column_gap\":\"small\",\"grid_row_gap\":\"large\",\"margin_bottom\":\"large\",\"margin_top\":\"large\",\"text_align\":\"center\"},\"children\":[{\"type\":\"button_item\",\"props\":{\"button_style\":\"primary\",\"content\":\"Agendar cita\",\"dialog_layout\":\"modal\",\"dialog_offcanvas_flip\":true,\"icon\":\"whatsapp\",\"icon_align\":\"left\",\"link\":\"https:\/\/api.whatsapp.com\/send\/?phone=573142355242\"}}]}]}],\"props\":{\"column_gap\":\"large\",\"css\":\".el-row > * {\\n    position: relative;\\n    z-index: 1;\\n}\",\"margin_bottom\":\"large\",\"margin_top\":\"large\",\"width\":\"xsmall\"}},{\"type\":\"row\",\"children\":[{\"type\":\"column\",\"props\":{\"image_position\":\"center-center\",\"position_sticky_breakpoint\":\"m\"}}]}],\"name\":\"Banner MOVIL\"},{\"type\":\"section\",\"props\":{\"class\":\"uk-hidden@s, uk-hidden@m\",\"id\":\"F1\",\"image_position\":\"center-center\",\"style\":\"muted\",\"title_breakpoint\":\"xl\",\"title_position\":\"top-left\",\"title_rotation\":\"left\",\"vertical_align\":\"middle\",\"width\":\"default\"},\"children\":[{\"type\":\"row\",\"children\":[{\"type\":\"column\",\"props\":{\"image_position\":\"center-center\",\"position_sticky_breakpoint\":\"m\"},\"children\":[{\"type\":\"panel\",\"props\":{\"content\":\"\n\n<p><script src=\\\"https:\/\/js.hsforms.net\/forms\/embed\/50544049.js\\\" defer><\/script><\/p>\n\n\\n\n\n<div class=\\\"hs-form-frame\\\" data-region=\\\"na1\\\" data-form-id=\\\"b8124a39-db9c-45b2-8496-4dde0a1cbcea\\\" data-portal-id=\\\"50544049\\\"><\/div>\n\n\",\"content_column_breakpoint\":\"m\",\"content_margin\":\"small\",\"id\":\"F1\",\"image_align\":\"top\",\"image_grid_breakpoint\":\"m\",\"image_grid_width\":\"1-2\",\"image_svg_color\":\"emphasis\",\"link_style\":\"default\",\"link_text\":\"Read more\",\"margin_bottom\":\"remove\",\"margin_top\":\"small\",\"meta_align\":\"below-title\",\"meta_element\":\"div\",\"meta_style\":\"text-meta\",\"panel_style\":\"card-default\",\"title_align\":\"top\",\"title_element\":\"h3\",\"title_grid_breakpoint\":\"m\",\"title_grid_width\":\"1-2\",\"title_hover_style\":\"reset\"},\"name\":\"MOVIL ONE\"}]}],\"props\":{\"id\":\"F1\"}}]},{\"type\":\"section\",\"props\":{\"image_position\":\"center-center\",\"padding_bottom\":\"small\",\"padding_top\":\"small\",\"style\":\"default\",\"title_breakpoint\":\"xl\",\"title_position\":\"top-left\",\"title_rotation\":\"left\",\"vertical_align\":\"\",\"width\":\"default\"},\"children\":[{\"type\":\"row\",\"children\":[{\"type\":\"column\",\"props\":{\"image_position\":\"center-center\",\"position_sticky_breakpoint\":\"m\",\"vertical_align\":\"middle\",\"width_medium\":\"1-2\"},\"children\":[{\"name\":\"Map Controls Enabled\",\"type\":\"map\",\"children\":[{\"type\":\"map_item\",\"props\":{\"location\":\"4.6457746,-74.0662417\"}}],\"props\":{\"controls\":true,\"dragging\":false,\"height\":\"500\",\"id\":\"B2\",\"image_svg_color\":\"emphasis\",\"link_style\":\"default\",\"link_text\":\"Read more\",\"margin_bottom\":\"default\",\"margin_top\":\"default\",\"max_zoom\":18,\"meta_align\":\"below-title\",\"meta_element\":\"div\",\"meta_style\":\"text-meta\",\"min_zoom\":0,\"poi\":false,\"show_content\":true,\"show_image\":true,\"show_link\":true,\"show_meta\":true,\"show_title\":true,\"title_element\":\"h3\",\"title_hover_style\":\"reset\",\"type\":\"roadmap\",\"zoom\":\"12\",\"zooming\":false}}]},{\"type\":\"column\",\"props\":{\"image_position\":\"center-center\",\"position_sticky_breakpoint\":\"m\",\"vertical_align\":\"middle\",\"width_medium\":\"1-2\"},\"children\":[{\"type\":\"text\",\"props\":{\"column_breakpoint\":\"m\",\"content\":\"\n\n<h1><span dir=\\\"auto\\\" style=\\\"vertical-align: inherit;\\\">\ud83d\udcf1WhatsApp<\/span><\/h1>\n\n\\n\n\n<h3 style=\\\"text-align: center;\\\">+573142355242<\/h3>\n\n\\n\n\n<h1 style=\\\"text-align: center;\\\">\ud83d\udccdU<span dir=\\\"auto\\\" style=\\\"vertical-align: inherit;\\\"><span dir=\\\"auto\\\" style=\\\"vertical-align: inherit;\\\"><span dir=\\\"auto\\\" style=\\\"vertical-align: inherit;\\\"><span dir=\\\"auto\\\" style=\\\"vertical-align: inherit;\\\"><span dir=\\\"auto\\\" style=\\\"vertical-align: inherit;\\\"><span dir=\\\"auto\\\" style=\\\"vertical-align: inherit;\\\"><span dir=\\\"auto\\\" style=\\\"vertical-align: inherit;\\\"><span dir=\\\"auto\\\" style=\\\"vertical-align: inherit;\\\"><span dir=\\\"auto\\\" style=\\\"vertical-align: inherit;\\\"><span dir=\\\"auto\\\" style=\\\"vertical-align: inherit;\\\">bicaci\u00f3n<\/span><\/span><\/span><\/span><\/span><\/span><\/span><\/span><\/span><\/span><\/h1>\n\n\\n\n\n<h3 style=\\\"text-align: center;\\\"><span dir=\\\"auto\\\" style=\\\"vertical-align: inherit;\\\"><span dir=\\\"auto\\\" style=\\\"vertical-align: inherit;\\\"><span><span dir=\\\"auto\\\" style=\\\"vertical-align: inherit;\\\"><span dir=\\\"auto\\\" style=\\\"vertical-align: inherit;\\\"><span dir=\\\"auto\\\" style=\\\"vertical-align: inherit;\\\"><span dir=\\\"auto\\\" style=\\\"vertical-align: inherit;\\\"><span dir=\\\"auto\\\" style=\\\"vertical-align: inherit;\\\"><span dir=\\\"auto\\\" style=\\\"vertical-align: inherit;\\\"><span dir=\\\"auto\\\" style=\\\"vertical-align: inherit;\\\"><span dir=\\\"auto\\\" style=\\\"vertical-align: inherit;\\\">\u00a0Carrera 14A N\u00ba 103 - 14 <\/span><\/span><\/span><\/span><\/span><\/span><\/span><\/span><\/span><span><span dir=\\\"auto\\\" style=\\\"vertical-align: inherit;\\\"><span dir=\\\"auto\\\" style=\\\"vertical-align: inherit;\\\"><span dir=\\\"auto\\\" style=\\\"vertical-align: inherit;\\\"><span dir=\\\"auto\\\" style=\\\"vertical-align: inherit;\\\"><span dir=\\\"auto\\\" style=\\\"vertical-align: inherit;\\\"><span dir=\\\"auto\\\" style=\\\"vertical-align: inherit;\\\"><span dir=\\\"auto\\\" style=\\\"vertical-align: inherit;\\\"><span dir=\\\"auto\\\" style=\\\"vertical-align: inherit;\\\">\u00a0<\/span><\/span><\/span><\/span><\/span><\/span><\/span><\/span><\/span><em><span dir=\\\"auto\\\" style=\\\"vertical-align: inherit;\\\"><span dir=\\\"auto\\\" style=\\\"vertical-align: inherit;\\\"><span dir=\\\"auto\\\" style=\\\"vertical-align: inherit;\\\"><span dir=\\\"auto\\\" style=\\\"vertical-align: inherit;\\\"><span dir=\\\"auto\\\" style=\\\"vertical-align: inherit;\\\"><span dir=\\\"auto\\\" style=\\\"vertical-align: inherit;\\\"><span dir=\\\"auto\\\" style=\\\"vertical-align: inherit;\\\"><span dir=\\\"auto\\\" style=\\\"vertical-align: inherit;\\\">Bogot\u00e1 <\/span><\/span><\/span><\/span><\/span><\/span><\/span><\/span><\/em><span><span dir=\\\"auto\\\" style=\\\"vertical-align: inherit;\\\"><span dir=\\\"auto\\\" style=\\\"vertical-align: inherit;\\\"><span dir=\\\"auto\\\" style=\\\"vertical-align: inherit;\\\"><span dir=\\\"auto\\\" style=\\\"vertical-align: inherit;\\\"><span dir=\\\"auto\\\" style=\\\"vertical-align: inherit;\\\"><span dir=\\\"auto\\\" style=\\\"vertical-align: inherit;\\\"><span dir=\\\"auto\\\" style=\\\"vertical-align: inherit;\\\"><span dir=\\\"auto\\\" style=\\\"vertical-align: inherit;\\\">\u00a0DC.<\/span><\/span><\/span><\/span><\/span><\/span><\/span><\/span><\/span><\/span><\/span><\/h3>\n\n\\n\n\n<h1 style=\\\"text-align: center;\\\"><\/h1>\n\n\\n\n\n<p style=\\\"text-align: center;\\\">\n\n\",\"id\":\"B3\",\"margin_bottom\":\"xlarge\",\"margin_top\":\"xlarge\",\"text_align\":\"center\"}}]}],\"props\":{\"layout\":\"1-2,1-2\",\"margin_bottom\":\"remove\",\"margin_top\":\"small\"}}],\"name\":\"Trained in\"}],\"version\":\"5.0.9\"} --><\/p>\n","protected":false},"excerpt":{"rendered":"<p>&#8220;Un caf\u00e9, tu historia y el inicio de una prenda para siempre&#8221;. Te esperamos en nuestro showroom para conocerte, mostrarte nuestras creaciones y dise\u00f1ar juntas el ajuar de tus sue\u00f1os. Agendar cita &#8220;Un caf\u00e9, tu historia y el inicio de una prenda para siempre&#8221;. Te esperamos en nuestro showroom para conocerte, mostrarte nuestras creaciones y [&hellip;]<\/p>\n","protected":false},"author":1,"featured_media":0,"parent":0,"menu_order":0,"comment_status":"closed","ping_status":"closed","template":"","meta":{"_acf_changed":false,"footnotes":""},"class_list":["post-2476","page","type-page","status-publish","hentry"],"acf":[],"_links":{"self":[{"href":"https:\/\/preludeintime.com\/index.php?rest_route=\/wp\/v2\/pages\/2476","targetHints":{"allow":["GET"]}}],"collection":[{"href":"https:\/\/preludeintime.com\/index.php?rest_route=\/wp\/v2\/pages"}],"about":[{"href":"https:\/\/preludeintime.com\/index.php?rest_route=\/wp\/v2\/types\/page"}],"author":[{"embeddable":true,"href":"https:\/\/preludeintime.com\/index.php?rest_route=\/wp\/v2\/users\/1"}],"replies":[{"embeddable":true,"href":"https:\/\/preludeintime.com\/index.php?rest_route=%2Fwp%2Fv2%2Fcomments&post=2476"}],"version-history":[{"count":114,"href":"https:\/\/preludeintime.com\/index.php?rest_route=\/wp\/v2\/pages\/2476\/revisions"}],"predecessor-version":[{"id":4509,"href":"https:\/\/preludeintime.com\/index.php?rest_route=\/wp\/v2\/pages\/2476\/revisions\/4509"}],"wp:attachment":[{"href":"https:\/\/preludeintime.com\/index.php?rest_route=%2Fwp%2Fv2%2Fmedia&parent=2476"}],"curies":[{"name":"wp","href":"https:\/\/api.w.org\/{rel}","templated":true}]}}